5, 31, 103
What are the prime factors of 1180?
2, 5, 59
What are the prime factors of 754?
2, 13, 29
List the prime factors of 20067.
3, 6689
What are the prime factors of 97145?
5, 19429
What are the prime factors of 15786?
2, 3, 877
What are the prime factors of 105154?
2, 7, 29, 37
What are the prime factors of 15132?
2, 3, 13, 97
What are the prime factors of 709?
709
List the prime factors of 6297.
3, 2099
What are the prime factors of 117467?
7, 97, 173
List the prime factors of 12036.
2, 3, 17, 59
List the prime factors of 97.
97
List the prime factors of 11786.
2, 71, 83
What are the prime factors of 519?
3, 173
List the prime factors of 37775.
5, 1511
What are the prime factors of 12707?
97, 131
What are the prime factors of 533?
13, 41
List the prime factors of 385.
5, 7, 11
What are the prime factors of 2315?
5, 463
List the prime factors of 7263.
3, 269
What are the prime factors of 104?
2, 13
List the prime factors of 12301.
12301
List the prime factors of 1182.
2, 3, 197
List the prime factors of 4892.
2, 1223
What are the prime factors of 124784?
2, 11, 709
What are the prime factors of 20552?
2, 7, 367
What are the prime factors of 2047?
23, 89
What are the prime factors of 106039?
19, 5581
List the prime factors of 28450.
2, 5, 569
List the prime factors of 6149.
11, 13, 43
What are the prime factors of 3215?
5, 643
List the prime factors of 23976.
2, 3, 37
What are the prime factors of 23757?
3, 7919
List the prime factors of 11221.
7, 229
What are the prime factors of 127426?
2, 13, 29
What are the prime factors of 11300?
2, 5, 113
List the prime factors of 136424.
2, 17053
What are the prime factors of 18765?
3, 5, 139
What are the prime factors of 28151?
28151
What are the prime factors of 25062?
2, 3, 4177
What are the prime factors of 23548?
2, 7, 29
What are the prime factors of 53?
53
What are the prime factors of 70497?
3, 7, 373
List the prime factors of 954.
2, 3, 53
What are the prime factors of 1058?
2, 23
List the prime factors of 16792.
2, 2099
List the prime factors of 79495.
5, 13, 1223
What are the prime factors of 84387?
3, 23, 1223
What are the prime factors of 91957?
91957
List the prime factors of 1584.
2, 3, 11
List the prime factors of 91275.
3, 5, 1217
What are the prime factors of 108?
2, 3
List the prime factors of 30060.
2, 3, 5, 167
List the prime factors of 2790.
2, 3, 5, 31
List the prime factors of 837.
3, 31
What are the prime factors of 41783?
7, 47, 127
List the prime factors of 2898.
2, 3, 7, 23
List the prime factors of 57617.
7, 8231
What are the prime factors of 281?
281
What are the prime factors of 8968?
2, 19, 59
What are the prime factors of 22963?
22963
List the prime factors of 2202.
2, 3, 367
List the prime factors of 849.
3, 283
List the prime factors of 6486.
2, 3, 23, 47
List the prime factors of 32765.
5, 6553
List the prime factors of 125454.
2, 3, 7, 29, 103
List the prime factors of 45412.
2, 11353
List the prime factors of 504.
2, 3, 7
What are the prime factors of 47882?
2, 89, 269
What are the prime factors of 1316?
2, 7, 47
What are the prime factors of 3215?
5, 643
What are the prime factors of 630?
2, 3, 5, 7
What are the prime factors of 708?
2, 3, 59
What are the prime factors of 22213?
97, 229
List the prime factors of 7149.
3, 2383
What are the prime factors of 37744?
2, 7, 337
List the prime factors of 2115.
3, 5, 47
List the prime factors of 60943.
60943
List the prime factors of 22227.
3, 31, 239
List the prime factors of 10968.
2, 3, 457
List the prime factors of 4803.
3, 1601
List the prime factors of 3072.
2, 3
List the prime factors of 6904.
2, 863
What are the prime factors of 17638?
2, 8819
What are the prime factors of 1251?
3, 139
List the prime factors of 7555.
5, 1511
What are the prime factors of 13166?
2, 29, 227
What are the prime factors of 2170?
2, 5, 7, 31
What are the prime factors of 506?
2, 11, 23
What are the prime factors of 4841?
47, 103
List the prime factors of 39073.
41, 953
What are the prime factors of 1318?
2, 659
List the prime factors of 552.
2, 3, 23
List the prime factors of 269.
269
List the prime factors of 2645.
5, 23
What are the prime factors of 1646?
2, 823
List the prime factors of 743.
743
What are the prime factors of 20803?
71, 293
List the prime factors of 16185.
3, 5, 13, 83
What are the prime factors of 546?
2, 3, 7, 13
List the prime factors of 28827.
3, 3203
List the prime factors of 81326.
2, 7, 37, 157
List the prime factors of 4301.
11, 17, 23
What are the prime factors of 1303?
1303
List the prime factors of 15585.
3, 5, 1039
List the prime factors of 1196.
2, 13, 23
What are the prime factors of 19589?
19, 1031
What are the prime factors of 4208?
2, 263
List the prime factors of 690.
2, 3, 5, 23
List the prime factors of 84150.
2, 3, 5, 11, 17
List the prime factors of 1521.
3, 13
List the prime factors of 1578.
2, 3, 263
List the prime factors of 238.
2, 7, 17
List the prime factors of 15171.
3, 13, 389
What are the prime factors of 3681?
3, 409
List the prime factors of 4617.
3, 19
What are the prime factors of 5029?
47, 107
What are the prime factors of 3692?
2, 13, 71
List the prime factors of 22711.
13, 1747
List the prime factors of 93732.
2, 3, 73, 107
What are the prime factors of 717?
3, 239
What are the prime factors of 248?
2, 31
List the prime factors of 98643.
3, 131, 251
What are the prime factors of 11310?
2, 3, 5, 13, 29
What are the prime factors of 25815?
3, 5, 1721
List the prime factors of 512.
2
List the prime factors of 284.
2, 71
List the prime factors of 15267.
3, 7, 727
What are the prime factors of 1010?
2, 5, 101
List the prime factors of 41324.
2, 10331
List the prime factors of 7500.
2, 3, 5
What are the prime factors of 32171?
53, 607
List the prime factors of 1345.
5, 269
What are the prime factors of 228?
2, 3, 19
List the prime factors of 47217.
3, 15739
What are the prime factors of 22394?
2, 11197
List the prime factors of 2178.
2, 3, 11
List the prime factors of 2191.
7, 313
What are the prime factors of 287?
7, 41
What are the prime factors of 566?
2, 283
List the prime factors of 31761.
3, 3529
What are the prime factors of 30218?
2, 29, 521
What are the prime factors of 6651?
3, 739
What are the prime factors of 8718?
2, 3, 1453
List the prime factors of 5971.
7, 853
What are the prime factors of 2533?
17, 149
What are the prime factors of 17356?
2, 4339
What are the prime factors of 3856?
2, 241
List the prime factors of 589.
19, 31
List the prime factors of 1176.
2, 3, 7
List the prime factors of 7911.
3, 293
What are the prime factors of 36551?
36551
List the prime factors of 5196.
2, 3, 433
List the prime factors of 19985.
5, 7, 571
What are the prime factors of 2842?
2, 7, 29
What are the prime factors of 112621?
112621
What are the prime factors of 1252?
2, 313
What are the prime factors of 334?
2, 167
What are the prime factors of 108024?
2, 3, 7, 643
What are the prime factors of 14154?
2, 3, 7, 337
List the prime factors of 6863.
6863
List the prime factors of 59819.
41, 1459
List the prime factors of 1886.
2, 23, 41
List the prime factors of 81661.
127, 643
What are the prime factors of 4545?
3, 5, 101
What are the prime factors of 1630?
2, 5, 163
What are the prime factors of 33775?
5, 7, 193
List the prime factors of 4971.
3, 1657
List the prime factors of 34859.
11, 3169
List the prime factors of 47251.
47251
What are the prime factors of 2831?
19, 149
List the prime factors of 2197.
13
What are the prime factors of 107699?
107699
What are the prime factors of 1723?
1723
What are the prime factors of 3520?
2, 5, 11
What are the prime factors of 7836?
2, 3, 653
List the prime factors of 2075.
5, 83
What are the prime factors of 1332?
2, 3, 37
What are the prime factors of 1543?
1543
What are the prime factors of 34298?
2, 11, 1559
What are the prime factors of 1667?
1667
List the prime factors of 54.
2, 3
List the prime factors of 56063.
7, 8009
List the prime factors of 2857.
2857
List the prime factors of 195449.
17, 11497
What are the prime factors of 4928?
2, 7, 11
List the prime factors of 38114.
2, 17, 19, 59
What are the prime factors of 3876?
2, 3, 17, 19
List the prime factors of 578.
2, 17
List the prime factors of 16626.
2, 3, 17, 163
List the p